f 214988231?
8
What is the thousands digit of 569729694?
9
What is the hundred millions digit of 369709614?
3
What is the tens digit of 770220560?
6
What is the ten thousands digit of 6377163694?
6
What is the hundreds digit of 8591484886?
8
What is the tens digit of 4977176674?
7
What is the hundreds digit of 26172553?
5
What is the ten thousands digit of 234110388?
1
What is the tens digit of 44043792?
9
What is the thousands digit of 9150110?
0
What is the tens digit of 4564294786?
8
What is the thousands digit of 1694369365?
9
What is the hundred thousands digit of 1938341439?
3
What is the tens digit of 2334293769?
6
What is the ten millions digit of 167036311?
6
What is the ten millions digit of 110092012?
1
What is the tens digit of 447288292?
9
What is the ten millions digit of 51273191?
5
What is the ten millions digit of 206653890?
0
What is the hundred thousands digit of 218071025?
0
What is the tens digit of 414067534?
3
What is the thousands digit of 40403774?
3
What is the thousands digit of 655692045?
2
What is the tens digit of 159392808?
0
What is the hundreds digit of 6398537698?
6
What is the hundred thousands digit of 915532351?
5
What is the millions digit of 39407520?
9
What is the ten millions digit of 12300230?
1
What is the units digit of 72898954?
4
What is the thousands digit of 4623617023?
7
What is the millions digit of 115705657?
5
What is the ten thousands digit of 609179144?
7
What is the thousands digit of 4158859697?
9
What is the thousands digit of 137203916?
3
What is the thousands digit of 143228765?
8
What is the millions digit of 8722188?
8
What is the hundred thousands digit of 310609928?
6
What is the tens digit of 1133083442?
4
What is the billions digit of 1487260828?
1
What is the hundred millions digit of 531139840?
5
What is the ten millions digit of 69576371?
6
What is the units digit of 6572091160?
0
What is the ten millions digit of 159910352?
5
What is the ten millions digit of 1996928224?
9
What is the tens digit of 443065256?
5
What is the hundred millions digit of 1056701774?
0
What is the millions digit of 82608926?
2
What is the thousands digit of 774665285?
5
What is the hundred thousands digit of 196350949?
3
What is the hundred thousands digit of 77762185?
7
What is the hundreds digit of 289357120?
1
What is the tens digit of 27027166?
6
What is the ten thousands digit of 4015242011?
4
What is the ten thousands digit of 108417622?
1
What is the hundreds digit of 1082060879?
8
What is the millions digit of 24565333?
4
What is the billions digit of 4028310403?
4
What is the units digit of 12851249?
9
What is the billions digit of 6225742143?
6
What is the ten millions digit of 215983373?
1
What is the units digit of 1505994240?
0
What is the millions digit of 2299075192?
9
What is the ten millions digit of 7664663900?
6
What is the hundred millions digit of 447290717?
4
What is the hundred thousands digit of 37393159?
3
What is the ten thousands digit of 499999743?
9
What is the thousands digit of 5381001?
1
What is the hundreds digit of 349360435?
4
What is the units digit of 647422407?
7
What is the tens digit of 16440552?
5
What is the thousands digit of 12721754?
1
What is the ten millions digit of 518192697?
1
What is the hundreds digit of 563704049?
0
What is the units digit of 116842418?
8
What is the tens digit of 212241382?
8
What is the ten thousands digit of 537002340?
0
What is the hundreds digit of 424684710?
7
What is the billions digit of 1694783802?
1
What is the units digit of 220092?
2
What is the thousands digit of 60243201?
3
What is the ten millions digit of 30175600?
3
What is the ten thousands digit of 468551223?
5
What is the thousands digit of 1162025474?
5
What is the millions digit of 59921849?
9
What is the millions digit of 199518807?
9
What is the hundred thousands digit of 2987439092?
4
What is the units digit of 159130207?
7
What is the hundred thousands digit of 224995476?
9
What is the ten thousands digit of 582229729?
2
What is the thousands digit of 1499089817?
9
What is the units digit of 943311?
1
What is the hundred thousands digit of 38193581?
1
What is the ten thousands digit of 259785911?
8
What is the tens digit of 1274433516?
1
What is the tens digit of 118311422?
2
What is the ten millions digit of 265400121?
6
What is the thousands digit of 29866055?
6
What is the millions digit of 205697211?
5
What is the billions digit of 3509628711?
3
What is the millions digit of 1523457752?
3
What is the hundred thousands digit of 29976702?
9
What is the millions digit of 669143639?
9
What is the hundred millions digit of 250026216?
2
What is the thousands digit of 59317273?
7
What is the hundred thousands digit of 851218306?
2
What is the hundred thousands digit of 4146307467?
3
What is the hundred millions digit of 1046620649?
0
What is the hundred thousands digit of 68200442?
2
What is the hundreds digit of 522962669?
6
What is the hundred thousands digit of 631293584?
2
What is the ten millions digit of 33585852?
3
What is the thousands digit of 27365435?
5
What is the ten millions digit of 664573036?
6
What is the units digit of 7894220073?
3
What is the hundred thousands digit of 1160639704?
6
What is the thousands digit of 790964450?
4
What is the units digit of 1473548206?
6
What is the hundred thousands digit of 1284818884?
8
What is the ten millions digit of 2325339410?
2
What is the ten thousands digit of 12037680?
3
What is the hundred thousands digit of 457545147?
5
What is the units digit of 331985593?
3
What is the tens digit of 199409833?
3
What is the hundred millions digit of 714166401?
7
What is the millions digit of 600216260?
0
What is the millions digit of 1761785250?
1
What is the hundred millions digit of 4626429509?
6
What is the hundred millions digit of 7557084291?
5
What is the hundreds digit of 32458993?
9
What is the hundred thousands digit of 43241757?
2
What is the billions digit of 3279971150?
3
What is the tens digit of 526534197?
9
What is the units digit of 66729193?
3
What is the billions digit of 1505147770?
1
What is the thousands digit of 2974403184?
3
What is the thousands digit of 7351548779?
8
What is the hundred millions digit of 156312214?
1
What is the hundred thousands digit of 291764386?
7
What is the hundreds digit of 57006920?
9
What is the ten millions digit of 37871570?
3
What is the billions digit of 2041443282?
2
What is the units digit of 2270627169?
9
What is the tens digit of 44799271?
7
What is the hundred millions digit of 537629748?
5
What is the ten thousands digit of 113151256?
5
What is the hundreds digit of 275986679?
6
What is the units digit of 15112169?
9
What is the millions digit of 36737666?
6
What is the units digit of 77263035?
5
What is the hundred thousands digit of 12980431?
9
What is the thousands digit of 387917658?
7
What is the ten millions digit of 409529388?
0
What is the tens digit of 66863514?
1
What is the hundreds digit of 932219841?
8
What is the hundred thousands digit of 720417507?
4
What is the tens digit of 671686868?
6
What is the millions digit of 127009687?
7
What is the tens digit of 724010967?
6
What is the thousands digit of 69690225?
0
What is the tens digit of 66919193?
9
What is the thousands digit of 293795944?
5
What is the millions digit of 56559369?
6
What is the hundred thousands digit of 77190669?
1
What is the tens digit of 149951441?
4
What is the ten thousands digit of 47558558?
5
What is the tens digit of 55401390?
9
What is the hundreds digit of 1026822406?
4
What is the tens digit of 155574683?
8
What is the ten millions digit of 1113955262?
1
What is the ten millions digit of 192013470?
9
What is the tens digit of 75761994?
9
What is the ten millions digit of 68886029?
6
What is the hundreds digit of 35467265?
2
What is the ten thousands digit of 343342?
4
What is the ten thousands digit of 2052342740?
4
What is the billions digit of 2460373109?
2
What is the units digit of 1735399463?
3
What is the tens digit of 331338732?
3
What is the ten millions digit of 863270016?
6
What is the ten thousands digit of 21971965?
7
What is the hundred millions digit of 1369788173?
3
What is the millions digit of 84039048?
4
What is the tens digit of 1540